{"id":144,"date":"2014-08-12T08:42:00","date_gmt":"2014-08-12T08:42:00","guid":{"rendered":"https:\/\/www.cafeberwald.se\/?page_id=144"},"modified":"2026-04-27T15:26:46","modified_gmt":"2026-04-27T15:26:46","slug":"abonnenterbjudande","status":"publish","type":"page","link":"https:\/\/www.cafeberwald.se\/?page_id=144","title":{"rendered":"Abonnenterbjudande"},"content":{"rendered":"<p>Du som \u00e4r abonnent och kommer p\u00e5 Abonnentkonserter kan f\u00f6rutom att v\u00e4lja ur v\u00e5rt <a href=\"https:\/\/www.cafeberwald.se\/?page_id=1787\" target=\"_blank\" rel=\"noopener noreferrer\">ordinarie sortiment<\/a> ta del av f\u00f6ljande <strong>erbjudande<\/strong>:<\/p>\n<p><strong>Abonnentfika &#8211; st\u00e5ende erbjudande<br \/><\/strong>Valfritt fikabr\u00f6d bl a k\u00e4rleksmums, morotskaka, vaniljhj\u00e4rta, kokostosca (<em>ej Lollos \u00e4ppelkaka, cheesecake eller kokos\/mango\/passion bakelse<\/em>) (ord pris 42 kr)<br \/>Kaffe\u00a0<em>Arvid Nordquist,\u00a0<\/em><strong>100 % CO2-kompenserat &amp; EKO <img decoding=\"async\" src=\"https:\/\/www.cafeberwald.se\/wp-content\/uploads\/2015\/03\/Noga_Utvalt_RGB-MINI-WEB.gif\" \/><\/strong>\u00a0 <em>eller<\/em> Elwings svarta eller gr\u00f6na te,\u00a0<strong>Fairtrade &amp; EKO <img decoding=\"async\" src=\"https:\/\/www.cafeberwald.se\/wp-content\/uploads\/2015\/03\/Noga_Utvalt_RGB-MINI-WEB.gif\" \/><\/strong> (ord pris 38 kr)<\/p>\n<p><span style=\"color: #000000;\"><strong>Erbjudande: 65 kr (ord pris 80 kr)<\/strong><\/span><\/p>\n<p><span style=\"color: #800080;\"><strong>V.I.P. ERBJUDANDE SPECIAL F\u00d6R ABONNENTER den 13 Maj<br \/><\/strong>Mini Tiramisu &amp; kaffe\/te 30kr (visa abonnentbiljett i caf\u00e9kassan)<\/span><\/p>\n\n\n<figure class=\"wp-block-image size-full is-resized\"><a href=\"https:\/\/www.cafeberwald.se\/wp-content\/uploads\/2026\/04\/abonnentdag.jpg\"><img loading=\"lazy\" decoding=\"async\" width=\"600\" height=\"600\" src=\"https:\/\/www.cafeberwald.se\/wp-content\/uploads\/2026\/04\/abonnentdag.jpg\" alt=\"\" class=\"wp-image-4899\" style=\"width:263px;height:auto\" srcset=\"https:\/\/www.cafeberwald.se\/wp-content\/uploads\/2026\/04\/abonnentdag.jpg 600w, https:\/\/www.cafeberwald.se\/wp-content\/uploads\/2026\/04\/abonnentdag-300x300.jpg 300w, https:\/\/www.cafeberwald.se\/wp-content\/uploads\/2026\/04\/abonnentdag-150x150.jpg 150w\" sizes=\"auto, (max-width: 600px) 100vw, 600px\" \/><\/a><\/figure>\n","protected":false},"excerpt":{"rendered":"<p>Du som \u00e4r abonnent och kommer p\u00e5 Abonnentkonserter kan f\u00f6rutom att v\u00e4lja ur v\u00e5rt ordinarie sortiment ta del av f\u00f6ljande erbjudande: Abonnentfika &#8211; st\u00e5ende erbjudandeValfritt fikabr\u00f6d bl a k\u00e4rleksmums, morotskaka, vaniljhj\u00e4rta, kokostosca (ej Lollos \u00e4ppelkaka, cheesecake eller kokos\/mango\/passion bakelse) (ord pris 42 kr)Kaffe\u00a0Arvid Nordquist,\u00a0100 % CO2-kompenserat &amp; EKO \u00a0 eller Elwings svarta eller gr\u00f6na te,\u00a0Fairtrade [&hellip;]<\/p>\n","protected":false},"author":1,"featured_media":0,"parent":0,"menu_order":0,"comment_status":"closed","ping_status":"closed","template":"","meta":{"footnotes":""},"class_list":["post-144","page","type-page","status-publish","hentry"],"_links":{"self":[{"href":"https:\/\/www.cafeberwald.se\/index.php?rest_route=\/wp\/v2\/pages\/144","targetHints":{"allow":["GET"]}}],"collection":[{"href":"https:\/\/www.cafeberwald.se\/index.php?rest_route=\/wp\/v2\/pages"}],"about":[{"href":"https:\/\/www.cafeberwald.se\/index.php?rest_route=\/wp\/v2\/types\/page"}],"author":[{"embeddable":true,"href":"https:\/\/www.cafeberwald.se\/index.php?rest_route=\/wp\/v2\/users\/1"}],"replies":[{"embeddable":true,"href":"https:\/\/www.cafeberwald.se\/index.php?rest_route=%2Fwp%2Fv2%2Fcomments&post=144"}],"version-history":[{"count":136,"href":"https:\/\/www.cafeberwald.se\/index.php?rest_route=\/wp\/v2\/pages\/144\/revisions"}],"predecessor-version":[{"id":4902,"href":"https:\/\/www.cafeberwald.se\/index.php?rest_route=\/wp\/v2\/pages\/144\/revisions\/4902"}],"wp:attachment":[{"href":"https:\/\/www.cafeberwald.se\/index.php?rest_route=%2Fwp%2Fv2%2Fmedia&parent=144"}],"curies":[{"name":"wp","href":"https:\/\/api.w.org\/{rel}","templated":true}]}}

<p>Du som är abonnent och kommer på Abonnentkonserter kan förutom att välja ur vårt <a href="https://www.cafeberwald.se/?page_id=1787" target="_blank" rel="noopener noreferrer">ordinarie sortiment</a> ta del av följande <strong>erbjudande</strong>:</p>
<p><strong>Abonnentfika &#8211; stående erbjudande<br /></strong>Valfritt fikabröd bl a kärleksmums, morotskaka, vaniljhjärta, kokostosca (<em>ej Lollos äppelkaka, cheesecake eller kokos/mango/passion bakelse</em>) (ord pris 42 kr)<br />Kaffe <em>Arvid Nordquist, </em><strong>100 % CO2-kompenserat &amp; EKO <img decoding="async" src="https://www.cafeberwald.se/wp-content/uploads/2015/03/Noga_Utvalt_RGB-MINI-WEB.gif" /></strong>  <em>eller</em> Elwings svarta eller gröna te, <strong>Fairtrade &amp; EKO <img decoding="async" src="https://www.cafeberwald.se/wp-content/uploads/2015/03/Noga_Utvalt_RGB-MINI-WEB.gif" /></strong> (ord pris 38 kr)</p>
<p><span style="color: #000000;"><strong>Erbjudande: 65 kr (ord pris 80 kr)</strong></span></p>
<p><span style="color: #800080;"><strong>V.I.P. ERBJUDANDE SPECIAL FÖR ABONNENTER den 13 Maj<br /></strong>Mini Tiramisu &amp; kaffe/te 30kr (visa abonnentbiljett i cafékassan)</span></p>


<figure class="wp-block-image size-full is-resized"><a href="https://www.cafeberwald.se/wp-content/uploads/2026/04/abonnentdag.jpg"><img loading="lazy" decoding="async" width="600" height="600" src="https://www.cafeberwald.se/wp-content/uploads/2026/04/abonnentdag.jpg" alt="" class="wp-image-4899" style="width:263px;height:auto" srcset="https://www.cafeberwald.se/wp-content/uploads/2026/04/abonnentdag.jpg 600w, https://www.cafeberwald.se/wp-content/uploads/2026/04/abonnentdag-300x300.jpg 300w, https://www.cafeberwald.se/wp-content/uploads/2026/04/abonnentdag-150x150.jpg 150w" sizes="auto, (max-width: 600px) 100vw, 600px" /></a></figure>

<p>Du som är abonnent och kommer på Abonnentkonserter kan förutom att välja ur vårt ordinarie sortiment ta del av följande erbjudande: Abonnentfika &#8211; stående erbjudandeValfritt fikabröd bl a kärleksmums, morotskaka, vaniljhjärta, kokostosca (ej Lollos äppelkaka, cheesecake eller kokos/mango/passion bakelse) (ord pris 42 kr)Kaffe Arvid Nordquist, 100 % CO2-kompenserat &amp; EKO   eller Elwings svarta eller gröna te, Fairtrade [&hellip;]</p>
